t are the prime factors of f?
2, 3
What are the prime factors of (26/(-8))/(1*(-3)/12)?
13
Let l = 7 - 5. Suppose l*i + 43 = 3*y - 2*i, -5*i = 3*y - 7. List the prime factors of y.
3
Let i(l) = -7*l**3 + l**2. Let c be i(1). Let a be (-3 - c)*(-28)/(-3). Suppose -2*o = -2*n + 9 + 13, -2*n + a = -5*o. What are the prime factors of n?
3
Let d(r) be the third derivative of r**6/120 + r**3/2 - 3*r**2. List the prime factors of d(0).
3
Suppose r = -2*j + 17, -2*j + 2*r + 6 = 4. Suppose -8*y = -5*y + j. List the prime factors of 7*y/4*-2.
7
Let c(h) = h**2 - 6*h - 5. Let a(z) = 7*z. Let t be a(1). Let x be c(t). Suppose 4*p = -l - x*l + 14, 5*p - 19 = -3*l. What are the prime factors of p?
5
Suppose 0 = -3*k - 13 + 91. Let b = k + -11. List the prime factors of b.
3, 5
Let q(c) be the first derivative of -2*c**2 + 2*c + 4. List the prime factors of q(-5).
2, 11
Let x = 29 - 1. List the prime factors of x.
2, 7
Let z(h) = -3*h**2 - 5*h - 32. Let b(r) = r**2 + 2*r + 11. Let a(o) = -8*b(o) - 3*z(o). What are the prime factors of a(0)?
2
Let p be (10/4 + -2)*8. Let y(m) = -4*m**2 + 19*m - 3. Let q(g) = -2*g**2 + 9*g - 2. Let t(o) = -5*q(o) + 2*y(o). What are the prime factors of t(p)?
2
Suppose -3*l - 4*y + 20 = 0, 8 - 3 = -l + y. Let t(u) = u**3 - u**2 - u + 18. What are the prime factors of t(l)?
2, 3
Let o = 4 - 4. What are the prime factors of -2*((-15)/6 - o)?
5
Let j(o) = -o**2 - 7*o - 2. Let a be j(-8). What are the prime factors of (a/(-2))/((-4)/(-4))?
5
Suppose -80 = -3*f + 40. Suppose 0 = -6*t + 2*t - 4*r + f, -4*r + 10 = t. List the prime factors of t.
2, 5
Let q be (-42)/(-8)*16/3. Suppose 2*c + q = 4*c. List the prime factors of c.
2, 7
Suppose 3*i + 18 = 5*l + 5, 4*l - 4 = -4*i. Suppose 5*o + 4*f - 5*f = 99, -l*f = 2*o - 30. What are the prime factors of o?
19
Let f(n) = -n**2 - 2*n + 3. Let h be f(-3). Suppose h*c = c - 2. What are the prime factors of c?
2
Let a be 27*2*1/(-2). Let d = a - -53. What are the prime factors of d?
2, 13
What are the prime factors of 2 + 0 - (-38 + -4)?
2, 11
Suppose 600 + 450 = 14*l. List the prime factors of l.
3, 5
Suppose 3*o = 2*o. Suppose 0 = -o*m - 2*m + 78. What are the prime factors of m?
3, 13
Suppose 25 - 5 = 4*n - 4*y, -4*y = -3*n + 17. Suppose -n*h + 9 = 3. What are the prime factors of h?
2
What are the prime factors of (0 + (-15)/(-2))*(-44 + 46)?
3, 5
Let i(j) be the third derivative of -j**6/120 + j**5/10 + 5*j**4/24 - 7*j**3/6 - 9*j**2. What are the prime factors of i(5)?
43
Suppose -2*o + 190 = 3*o. List the prime factors of o.
2, 19
Let t(g) = 4*g**2 + g - 6. What are the prime factors of t(4)?
2, 31
Let l = -7 - 1. Let i(m) = -m + 7. What are the prime factors of i(l)?
3, 5
Suppose -2*i - 8 = -4*i. Suppose i*j = j + 42. List the prime factors of j.
2, 7
Let r(n) be the first derivative of n - 5/2*n**2 + 7/3*n**3 + 1 - 1/4*n**4. List the prime factors of r(6).
7
Suppose 2*n = -v - 15, -21 = n + n - v. Let d(k) = -k**2 - 10*k + 12. List the prime factors of d(n).
3, 7
Let s(c) = c**2 + 10*c + 2. Suppose 4*i - 5*g = -65, 1 = 3*i + 3*g + 16. List the prime factors of s(i).
2
Let s(b) = b**2 + 5*b - 5. Suppose 3*i + 11 = -4*u, 0 = 2*i - 3*u - 2 + 32. Let o be s(i). Let w = o + -22. What are the prime factors of w?
3
Let p = -2 + 0. Let s be -2 - (p/(-2) - 12). Suppose 2*z - s = j - 0*j, 0 = 2*j + 2. What are the prime factors of z?
2
Let f(y) = 0 - 3 + 2*y + y**2 - y. List the prime factors of f(-3).
3
Let f be 3/(-1) - (-9 + 2). Suppose -c + f = c. What are the prime factors of c?
2
Let q(k) = k**3 + k**2 - k + 1. Let p be q(1). Suppose 15 = p*g - 5*r, 0 = -4*g - 0*r - 3*r + 69. List the prime factors of g.
3, 5
Let n(c) = -10*c + 8. List the prime factors of n(-3).
2, 19
Suppose -3*x = -4*x + 4. Suppose x*o = -4*r + 64, -2*o = 6*r - r - 86. List the prime factors of r.
2, 3
Let b = -80 - -149. Suppose 0*o - b = -3*o. What are the prime factors of o?
23
Let z = 167 + -36. List the prime factors of z.
131
Let k(u) = -u**2 - 10*u - 4. Let x be k(-5). Suppose 0 = -3*f - 2*f - w + x, -w = 3*f - 11. What are the prime factors of f?
5
Suppose 2*h - 3*h + 16 = 0. List the prime factors of h.
2
Let y = 257 + -125. What are the prime factors of y?
2, 3, 11
Suppose -u + 4*v - 19 = -4*u, -5*u + 2*v + 23 = 0. Suppose 0 = -o + 5, -2*m + 6*m - u*o + 41 = 0. What are the prime factors of 2/m + 38/4?
3
Suppose 5*i + 67 + 50 = 2*t, -5*t = -2*i - 282. Let g = t + -25. What are the prime factors of g?
31
Let d be 3 + -1*(-27 + -2). Suppose 6*i = i + 25, -2*q - 2*i = -d. Suppose 2*g = 4*p - 14, -6*p + q*p + 5 = -5*g. What are the prime factors of p?
2
Suppose n - 56 = -n. What are the prime factors of n?
2, 7
Suppose 5*g - 4*l = -l - 96, 0 = 4*g - l + 74. What are the prime factors of (-672)/(-26) - g/117?
2, 13
Suppose j - 3*s = 38, 0 = 3*j + 3*s + s - 114. What are the prime factors of ((-5)/(-10))/(1/j)?
19
Let m(j) = -j**2 + 7*j - 2. Let h = 9 + -3. Suppose f = 3*f - h. What are the prime factors of m(f)?
2, 5
Suppose 3*m - 2*m - 14 = 0. Suppose 0 = -o + m - 4. What are the prime factors of o?
2, 5
Suppose -3*p + 8*p = -90. Let i = 29 + p. Let h = -8 + i. What are the prime factors of h?
3
Let t(o) = -4*o + 4*o + 2*o**2 + 3 + 4*o. What are the prime factors of t(-4)?
19
Let h be (-5)/(-7) - 6/(-21). Suppose -2*r - h = -5. What are the prime factors of r?
2
Let p be ((-4)/10)/(1/(-5)). Suppose -p*o - 5*z = 3*o - 400, 2*o = -3*z + 163. Suppose 17 = -5*f + o. List the prime factors of f.
2, 3
Let q(l) = 5*l - 36. What are the prime factors of q(14)?
2, 17
Let o = 3 - -17. Suppose f - 21 = -5*w, 5*w - 2*f = -0*f + 33. Suppose w*k - o = -0*k. What are the prime factors of k?
2
Let a = 128 + -84. List the prime factors of a.
2, 11
Suppose 160 = 3*n + 2*n. List the prime factors of n.
2
Let f(b) = b**2 + b + 5. Let a be f(0). Let o = a + -3. Suppose -3*n - 4*w = -16, 2 = o*n + 3*w - 8. What are the prime factors of n?
2
Let j be 4*-3*2/8. Let z be (-1 + (-1)/j)*-3. Suppose -4*f + 36 = -3*b, -2*f + 14 = -f - z*b. What are the prime factors of f?
2, 3
Let x(n) be the third derivative of -n**5/60 + n**4/24 + n**3/3 - 2*n**2. Let m be x(0). List the prime factors of m/5 + 26/10.
3
Let o(n) = -n**2 + 3*n + 3. Let x be o(3). Suppose 19 = x*m + 1. List the prime factors of m.
2, 3
List the prime factors of 4 - (-66 + 4 - 3).
3, 23
Suppose 9*n + 118 = 10*n. What are the prime factors of n?
2, 59
Let w = -9 + 4. Let t be (-12)/w - (-4)/(-10). List the prime factors of (t + -4 - -13) + 0.
11
Suppose 0 = 5*q - q - 3*u - 152, 0 = u. List the prime factors of q.
2, 19
Let z(l) = 3*l**3 - 3 - 4*l**3 + 4*l - 3*l**2 - 5*l + 7. List the prime factors of z(-3).
7
List the prime factors of ((-124)/(-155))/(-2*2/(-680)).
2, 17
Suppose 3*n - 4*a = 22, a = -4*n - 0 + 4. Suppose 0 = n*v + k + 4*k - 6, -3*v + 4*k + 55 = 0. What are the prime factors of v?
13
Let u be -9*(4 - 13/3). Suppose 3*b - 90 + 9 = 4*f, 0 = -3*b - u*f + 102. List the prime factors of b.
31
Suppose 0 = 4*o + 5*r - 59, 5*o - 97 = 3*r + 23. What are the prime factors of o?
3, 7
Let i(y) = y - 1. Let s be i(-3). Suppose -m + 17 = 6. Let z = s + m. List the prime factors of z.
7
Let f(c) be the first derivative of -c**4/4 - 2*c**3 + 2*c**2 - 6*c - 1. List the prime factors of f(-7).
3, 5
What are the prime factors of 3/(-2) - (-165)/2?
3
Let v = 20 + 7. What are the prime factors of v?
3
Suppose 116 = 4*t - n, n + 66 = 5*t - 80. List the prime factors of t.
2, 3, 5
Let a(u) = 43*u**2 - 7*u + 7. List the prime factors of a(2).
3, 5, 11
Let p(s) = s**2 + 5*s + 3. Let u be p(-2). List the prime factors of 13 - (u - -2)/(-1).
2, 3
Let i(z) = -z. Let u be i(-4). Suppose 0 = o + 2 - u. List the prime factors of o.
2
Let n = -13 + 17. What are the prime factors of 504/10 - n/10?
2, 5
Let m = -31 + 18. Let o = m - -18. List the prime factors of o.
5
Let w = 98 + 6. What are the prime factors of w?
2, 13
Let p(y) = 19*y + 16. List the prime factors of p(5).
3, 37
Let l(b) be the second derivative of b**4/12 - b**3/3 - 3*b**2/2 + 3*b. List the prime factors of l(6).
3, 7
Let k = 4 + -3. What are the prime factors of 2*4 + (0 - k)?
7
Suppose 3*u + 3*l = -12, -5*l = -u - 3*l + 11. Let p be 10*u + (5 - 4). Let g = p + 3. What are the prime factors of g?
2, 7
Let o = 29 + 14. Wh